2
Let v(t) = -t**2 - 14*t + 13. Suppose -9559 = 10*m - 3029. Let i = -667 - m. Calculate v(i).
13
Suppose 278*p - 36 = 275*p + 3*c, 3*p = -5*c - 28. Let i(t) = -t**3 + 15*t**2 - 48*t + 6. Calculate i(p).
-10
Let w(a) = 38*a**2 + 7*a - 4. Let d = -4285 + 4286. Calculate w(d).
41
Let u(y) = 3*y**2 - 3*y + 10. Let o(i) = -4*i**2 + 2*i - 10. Let r(t) = 4*o(t) + 5*u(t). Let p = 30786 - 30794. Calculate r(p).
2
Let q(p) = -p**3 + 3*p**2 + 5*p - 2. Suppose 5*j - 323 = 4*y, -6*y - 8 = -2*y. Let n = j + -63. Suppose 4*z - 13 = 2*t + 3, -5*z - 4*t + 20 = n. What is q(z)?
2
Let c(v) = 30*v - 4. Let q = 13363 - 13361. What is c(q)?
56
Let k(g) = g**2 + 5*g. Let t(w) = w**3 - 5*w**2 - 19*w - 4. Let v be t(8). Suppose -40 = a - v. What is k(a)?
-4
Let d = -331 - -330. Let f(t) = t**3 - 14*t**2 - t - 9. Let j(u) = -u**3 + 2*u**2 + u - 1. Let m(z) = d*f(z) - 2*j(z). Determine m(-10).
21
Let q(c) = c**3 - 11*c**2 + c - 6. Let y(a) = 7*a - 192. Let v be y(29). What is q(v)?
5
Let u(q) be the third derivative of q**6/120 + 3*q**5/10 - 41*q**4/24 - 3*q**3/2 - 1645*q**2. Determine u(-20).
11
Suppose 10*y = 2*y + 24. Let f = -4 - -4. Suppose f = -4*m + 4*v, m + y*m - 2*v = -2. Let a(u) = -8*u**3 - 2*u**2 - u. Give a(m).
7
Let c(p) be the first derivative of -p**4/24 + 5*p**3/3 - 5*p**2/2 - p - 111. Let m(s) be the second derivative of c(s). Let t = -1 + 1. What is m(t)?
10
Let y(o) = -8*o - 1. Let z(w) = 2*w**3 - 2*w**2 + w + 5. Let p be z(2). Suppose -p*j + 12 = -12*j. Determine y(j).
-33
Let f(o) = o**3 + 6*o**2 + 8*o + 1. Let j(y) = -y**3 + 6*y**2 + 7*y - 6. Let i be j(6). Suppose -i*m = -41*m - 20. What is f(m)?
1
Let t(u) = -5 - 1 - 2*u - 3*u. Suppose 3*b - b = 2*v + 86, -170 = -4*b + 3*v. Suppose -23 + b = -3*w. Calculate t(w).
24
Let q(p) = -15*p + 150. Let w(n) = -22*n + 227. Let z(g) = 7*q(g) - 5*w(g). Let j be z(17). Let u(t) = t + 15. Determine u(j).
15
Let h(r) = -2634*r - 4. Let t(n) = 879*n. Let j(i) = h(i) + 3*t(i). Suppose 4*s = 3*s + 11. Give j(s).
29
Suppose 25*h - 395 + 320 = 0. Let g(i) = -3*i**2 + 29*i**h - 28*i**3 - i**2 + 3*i. Let m be -3*1*(-2 - -1). What is g(m)?
0
Suppose -2*y + p + 11 = -y, y - 4*p = 5. Let r = 15 - y. Let b(c) = 2*c + 14 - 2*c**3 + 3*c**3 - 17. Calculate b(r).
9
Let t(g) = -12*g**2 - 9*g + 10. Let u(c) = -3*c**2 - 6*c + 1. Let o(j) = -t(j) + 3*u(j). Determine o(3).
-7
Let y(p) = -p**2 + 22*p + 3. Let i = -1451 + 1470. Calculate y(i).
60
Let n(c) = -3. Let d(q) = 18*q + 14. Let o(y) = -d(y) - 5*n(y). Let b(k) = -19*k + 1. Let r(s) = 4*b(s) - 5*o(s). Determine r(1).
13
Let z(w) = w**2 + 18*w - 35. Let f be 1/(((-96)/(-126))/(-16)). What is z(f)?
28
Let a(q) = 5*q**3 - 10*q**2 + 8*q - 12. Let x(d) = -7*d**3 + 15*d**2 - 8*d + 14. Let t(y) = -4*a(y) - 3*x(y). Give t(6).
-6
Let c(u) = -u**2 - 8. Let q(v) = -2610*v - 10445. Let i be q(-4). Give c(i).
-33
Let k(p) = -p**2 + 9*p - 16. Let a be k(5). Let y(i) = 184*i + 182*i + 2 + 3*i**3 + 3*i**2 - 362*i - 4*i**3. What is y(a)?
2
Let s(g) be the third derivative of -g**6/120 + 29*g**5/60 - 31*g**4/24 + 16*g**3/3 + 2433*g**2 + 2. Calculate s(28).
-52
Let j(i) = i + 5. Let g(q) = q + 21. Let c be (-4 - 9 - -10) + (1 - 14). Let a be g(c). Determine j(a).
10
Let l(g) = -g - 18. Let v(z) = 14*z**3 - 9*z**3 + 11*z**2 - 14*z - 4*z**3 - 24. Let h = -7 - 5. Let x be v(h). What is l(x)?
-18
Let s(o) = -o - 2. Let d(t) = 2*t + 4. Let y(j) = j**2 + 3*j - 15. Let l(a) = -4*d(a) + y(a). Let r be l(-4). Give s(r).
-7
Let v(j) = j**3 - 7*j**2 - 9*j. Suppose -t = 4*i - 0*i - 443, -3*t = i - 97. Let n be (i/6)/4*-9. Let z be (112/n)/((-2)/6). Determine v(z).
-8
Let z be 1 + 16 - (-12 - -5). Let g(s) = 16*s - 1 + 16*s - z*s. What is g(-1)?
-9
Suppose 0 = 4*u + 2*b + 26, -2*b = -2*u - 195 + 173. Let p = 1 + 3. Let l(a) = a**3 + p*a**2 + 3*a**2 + 3 - 8*a + 0. Give l(u).
3
Let z = 39 + 137. Let a(s) = -176*s - z*s + 5 + 353*s. Give a(-2).
3
Let v(s) be the third derivative of -s**6/120 - 13*s**5/60 - 5*s**4/6 - 7*s**3/6 - s**2 - 681*s + 2. Determine v(-11).
-29
Let p(s) = s**2 + 8*s + 11. Suppose 44*j - 7497 = 27*j. Let a be j/42*(-4)/6. Calculate p(a).
4
Suppose -14*v + 100 = -4*v. Let y(s) = 3*s**2 - 8*s + 6. Let w(q) = q**2 - q - 2. Let r(k) = -2*w(k) + y(k). Determine r(v).
50
Suppose 9*q - 10*q + 50 = 0. Suppose 7*i - 29 = -1. Suppose 3*x + 40 = -4*j, -2*j - q = 3*j + i*x. Let z(r) = r**3 + 11*r**2 + 10*r + 1. What is z(j)?
1
Suppose 5*y = -4*d - 20, 4*d - 2*y + 24 + 24 = 0. Let v(c) = c**2 + 8*c + 16. What is v(d)?
36
Let j(a) = 10*a - 285. Let l be 1*1/5*(-290)/170*-85. Give j(l).
5
Suppose -16 = -167*f + 172*f + 3*w, 4*f + 2*w = -16. Let y(l) = l**2 + 11*l - 17 - 4*l + 0*l**2. Calculate y(f).
-9
Let a(o) = 11*o - 1. Suppose -4*m = -20, 0 = h + h + 3*m - 63. Let p be 7 + 2/(-2) - (-19 + h). What is a(p)?
10
Let d(p) be the third derivative of 0*p + 0 + 1/24*p**4 - 35*p**2 - 2/3*p**3 + 1/30*p**5. Determine d(-3).
11
Suppose 0 = 12*y + 5 + 31. Let j(p) be the third derivative of 0 + 4*p**2 + 0*p - 1/2*p**3 - 1/24*p**4. Determine j(y).
0
Let o(n) = -1 - 6*n - 3*n - 2 + 0*n + 10 + n**3. Give o(3).
7
Suppose -16*i = 5*g - 21*i - 50, 3*g - 5*i - 24 = 0. Let q(a) = -a**3 + 13*a**2 - 6*a - 11. Determine q(g).
-89
Let m(x) = x**2 + 4*x + 1. Let v = -25 - -81. Let c = v + -61. Determine m(c).
6
Let c(h) be the first derivative of h**4/4 + 4*h**3/3 - 3*h**2/2 + 12*h + 3. Let a be c(-5). Let o(p) = -4 + 5*p - 3 + p**a - 2*p**2. Determine o(5).
-7
Let r(b) = -23*b - 116. Suppose -1294*i + 115 = -1317*i. Give r(i).
-1
Let v(m) = 2*m + 1. Let y be (2 - 3)*(0 - (-145)/(-1)). Let r = y - 143. Calculate v(r).
5
Let w = -6 - 4. Let a be (w/(-3))/((-34)/51). Let p(o) = o**2 + 11*o - 3. Determine p(a).
-33
Let p(l) be the first derivative of -l**4/4 + l**3 + 2*l**2 - 8*l - 612. Give p(5).
-38
Let v be (0 + 1)*1/(-1). Let g(u) = u**2 - u + 55. Let j(i) = -4*i**2 + 3*i - 146. Let f(z) = -8*g(z) - 3*j(z). What is f(v)?
3
Let w(r) = 101 - r + 95 - 164 + 2*r. Calculate w(-19).
13
Let d(s) be the first derivative of -s**4/4 + s**3/3 - s**2/2 + 9*s + 14. Let i = -1797 + 1797. Give d(i).
9
Let c(x) = 156*x**3 + 37*x**2 + 23*x - 43. Let p(s) = 55*s**3 + 12*s**2 + 8*s - 14. Let v(j) = -6*c(j) + 17*p(j). Determine v(-18).
56
Let u(a) be the second derivative of a**3/6 - a**2 + 3*a. Suppose 142*i - 69*i = 0. Calculate u(i).
-2
Let k(p) = 2 - p**3 + 0*p**3 + 10*p**2 - 4*p**2 - p. Suppose 0 = -2*h - 2*q + 41 + 39, -3*h + 80 = -5*q. Let d be -1 - (-16)/28 - (-225)/h. Calculate k(d).
-4
Let z(f) = -2*f**3 - 18*f**2 - 58*f - 333. Let a be z(-8). Let d(h) be the second derivative of 1/12*h**4 - 7/6*h**a + 12*h + 0 + h**2. Calculate d(7).
2
Let f(c) = c**3 + 22*c**2 + 19*c - 45. Let n be ((-87)/3 + 8)*7/7. Give f(n).
-3
Suppose 5*u + 8*u = 117. Suppose -2*i + 3 - u = -5*x, -2*i = -2*x + 6. Let k(b) = -2*b**3 - 5*b**2 - 3*b. Give k(i).
18
Let x(n) = n**2 + 1. Suppose -4*h - 59 = 5*k + 105, -3*h - 128 = 5*k. Let o be 110/9 + ((-28)/h - 1). Suppose g = 7*g + o. Determine x(g).
5
Suppose 0 = 3298*q - 3302*q + 44. Let b(g) = -15 - 6*g + 2*g + 5*g. What is b(q)?
-4
Let q(k) = 12 + 7*k**2 - 221*k + 110*k + 117*k + k**3 - 3. Let u be 32 - -4*(-3)/(-6). Let y be u/(-6) - 8/24. What is q(y)?
9
Suppose g = -3*r, -4*g + 16 = -0*r - 4*r. Suppose x = g*d - 0*d + 5, 4 = 2*d + 3*x. Let i(w) = -2*w + 1 - 5*w - 4*w + 3*w. Give i(d).
9
Let t(p) = -73*p**2 - 3*p - 7. Let n(k) = -152*k**2 - 6*k - 17. Let g(w) = 2*n(w) - 5*t(w). Determine g(-1).
59
Suppose 0 = q - u - 1, -5*q + 5 + 0 = 5*u. Let s(o) = -o**2 + 0*o**2 + q - o**3 - 5*o + 6*o. Give s(0).
1
Let v(k) be the third derivative of -k**6/120 + k**5/24 - 5*k**3 + 56*k**2. Let m(t) be the first derivative of v(t). What is m(2)?
-2
Let v(a) = 6*a**2 - 11*a + 80. Let k(z) = -7*z**2 + 10*z - 97. Let r(b) = -5*k(b) - 6*v(b). What is r(12)?
53
Let d(z) = 3*z**3 - 5*z**2 + 3*z. Let y = -18 - -19. Let u be d(y). Let h(o) = -19*o**2. What is h(u)?
-19
Let r(a) = a - 6. Let b = -131 + 131. Suppose -k + 5*k = -b*k. Determine r(k).
-6
Let f(r) = 5 + 2 - 86*r - 48*r - r**2 + 136*r. Calculate f(5).
-8
Let a(j) = 4*j**2 + j. Let w be (-4)/12 + (-40)/(-12). Suppose 8 = 5*s - 4*z, -6 = 2*s - s + w*z. Suppose 3*p = -s*p - 3. Give a(p).
3
Let l(r) = 7*r - 75. Suppose 43*k - 169 = 294 - 76. What is l(k)?
-12
Let w =